{"id":190,"date":"2016-04-07T13:13:39","date_gmt":"2016-04-07T13:13:39","guid":{"rendered":"http:\/\/artoral.hu\/wp-content\/uploads\/2016\/04\/dr-schekk-anna.jpg"},"modified":"2016-05-12T12:09:46","modified_gmt":"2016-05-12T12:09:46","slug":"dr-schekk-anna-2","status":"inherit","type":"attachment","link":"https:\/\/artoral.hu\/en\/our-dentists\/dr-schekk-anna-2\/","title":{"rendered":"dr-schekk-anna"},"author":1,"featured_media":0,"comment_status":"open","ping_status":"closed","template":"","meta":[],"class_list":["post-190","attachment","type-attachment","status-inherit","hentry"],"yoast_head":"\n<title>dr-schekk-anna - ARTORAL Fog\u00e1szati K\u00f6zpont Budapest - Eszt\u00e9tikai fog\u00e1szat, fogszab\u00e1lyoz\u00e1s, fogfeh\u00e9r\u00edt\u00e9s, sz\u00e1jseb\u00e9szet<\/title>\n<meta name=\"robots\" content=\"index, follow, max-snippet:-1, max-image-preview:large, max-video-preview:-1\" \/>\n<link rel=\"canonical\" href=\"https:\/\/artoral.hu\/wp-content\/uploads\/2016\/04\/dr-schekk-anna.jpg\" \/>\n<script type=\"application\/ld+json\" class=\"yoast-schema-graph\">{\"@context\":\"https:\/\/schema.org\",\"@graph\":[{\"@type\":\"WebPage\",\"@id\":\"https:\/\/artoral.hu\/wp-content\/uploads\/2016\/04\/dr-schekk-anna.jpg\",\"url\":\"https:\/\/artoral.hu\/wp-content\/uploads\/2016\/04\/dr-schekk-anna.jpg\",\"name\":\"dr-schekk-anna - ARTORAL Fog\u00e1szati K\u00f6zpont Budapest - Eszt\u00e9tikai fog\u00e1szat, fogszab\u00e1lyoz\u00e1s, fogfeh\u00e9r\u00edt\u00e9s, sz\u00e1jseb\u00e9szet\",\"isPartOf\":{\"@id\":\"https:\/\/artoral.hu\/#website\"},\"datePublished\":\"2016-04-07T13:13:39+00:00\",\"dateModified\":\"2016-05-12T12:09:46+00:00\",\"breadcrumb\":{\"@id\":\"https:\/\/artoral.hu\/wp-content\/uploads\/2016\/04\/dr-schekk-anna.jpg#breadcrumb\"},\"inLanguage\":\"en-US\",\"potentialAction\":[{\"@type\":\"ReadAction\",\"target\":[\"https:\/\/artoral.hu\/wp-content\/uploads\/2016\/04\/dr-schekk-anna.jpg\"]}]},{\"@type\":\"BreadcrumbList\",\"@id\":\"https:\/\/artoral.hu\/wp-content\/uploads\/2016\/04\/dr-schekk-anna.jpg#breadcrumb\",\"itemListElement\":[{\"@type\":\"ListItem\",\"position\":1,\"name\":\"Our Dentists\",\"item\":\"https:\/\/artoral.hu\/dolgozoink\/\"},{\"@type\":\"ListItem\",\"position\":2,\"name\":\"dr-schekk-anna\"}]},{\"@type\":\"WebSite\",\"@id\":\"https:\/\/artoral.hu\/#website\",\"url\":\"https:\/\/artoral.hu\/\",\"name\":\"ARTORAL Fog\u00e1szati K\u00f6zpont Budapest - Eszt\u00e9tikai fog\u00e1szat, fogszab\u00e1lyoz\u00e1s, fogfeh\u00e9r\u00edt\u00e9s, sz\u00e1jseb\u00e9szet\",\"description\":\"\",\"potentialAction\":[{\"@type\":\"SearchAction\",\"target\":{\"@type\":\"EntryPoint\",\"urlTemplate\":\"https:\/\/artoral.hu\/?s={search_term_string}\"},\"query-input\":{\"@type\":\"PropertyValueSpecification\",\"valueRequired\":true,\"valueName\":\"search_term_string\"}}],\"inLanguage\":\"en-US\"}]}<\/script>\n","yoast_head_json":{"title":"dr-schekk-anna - ARTORAL Fog\u00e1szati K\u00f6zpont Budapest - Eszt\u00e9tikai fog\u00e1szat, fogszab\u00e1lyoz\u00e1s, fogfeh\u00e9r\u00edt\u00e9s, sz\u00e1jseb\u00e9szet","robots":{"index":"index","follow":"follow","max-snippet":"max-snippet:-1","max-image-preview":"max-image-preview:large","max-video-preview":"max-video-preview:-1"},"canonical":"https:\/\/artoral.hu\/wp-content\/uploads\/2016\/04\/dr-schekk-anna.jpg","schema":{"@context":"https:\/\/schema.org","@graph":[{"@type":"WebPage","@id":"https:\/\/artoral.hu\/wp-content\/uploads\/2016\/04\/dr-schekk-anna.jpg","url":"https:\/\/artoral.hu\/wp-content\/uploads\/2016\/04\/dr-schekk-anna.jpg","name":"dr-schekk-anna - ARTORAL Fog\u00e1szati K\u00f6zpont Budapest - Eszt\u00e9tikai fog\u00e1szat, fogszab\u00e1lyoz\u00e1s, fogfeh\u00e9r\u00edt\u00e9s, sz\u00e1jseb\u00e9szet","isPartOf":{"@id":"https:\/\/artoral.hu\/#website"},"datePublished":"2016-04-07T13:13:39+00:00","dateModified":"2016-05-12T12:09:46+00:00","breadcrumb":{"@id":"https:\/\/artoral.hu\/wp-content\/uploads\/2016\/04\/dr-schekk-anna.jpg#breadcrumb"},"inLanguage":"en-US","potentialAction":[{"@type":"ReadAction","target":["https:\/\/artoral.hu\/wp-content\/uploads\/2016\/04\/dr-schekk-anna.jpg"]}]},{"@type":"BreadcrumbList","@id":"https:\/\/artoral.hu\/wp-content\/uploads\/2016\/04\/dr-schekk-anna.jpg#breadcrumb","itemListElement":[{"@type":"ListItem","position":1,"name":"Our Dentists","item":"https:\/\/artoral.hu\/dolgozoink\/"},{"@type":"ListItem","position":2,"name":"dr-schekk-anna"}]},{"@type":"WebSite","@id":"https:\/\/artoral.hu\/#website","url":"https:\/\/artoral.hu\/","name":"ARTORAL Fog\u00e1szati K\u00f6zpont Budapest - Eszt\u00e9tikai fog\u00e1szat, fogszab\u00e1lyoz\u00e1s, fogfeh\u00e9r\u00edt\u00e9s, sz\u00e1jseb\u00e9szet","description":"","potentialAction":[{"@type":"SearchAction","target":{"@type":"EntryPoint","urlTemplate":"https:\/\/artoral.hu\/?s={search_term_string}"},"query-input":{"@type":"PropertyValueSpecification","valueRequired":true,"valueName":"search_term_string"}}],"inLanguage":"en-US"}]}},"description":{"rendered":"<p class=\"attachment\"><a href='https:\/\/artoral.hu\/wp-content\/uploads\/2016\/04\/dr-schekk-anna.jpg'><img loading=\"lazy\" decoding=\"async\" width=\"200\" height=\"300\" src=\"https:\/\/artoral.hu\/wp-content\/uploads\/2016\/04\/dr-schekk-anna-200x300.jpg\" class=\"attachment-medium size-medium\" alt=\"\" srcset=\"https:\/\/artoral.hu\/wp-content\/uploads\/2016\/04\/dr-schekk-anna-200x300.jpg 200w, https:\/\/artoral.hu\/wp-content\/uploads\/2016\/04\/dr-schekk-anna.jpg 681w\" sizes=\"auto, (max-width: 200px) 100vw, 200px\" \/><\/a><\/p>\n"},"caption":{"rendered":""},"alt_text":"","media_type":"image","mime_type":"image\/jpeg","media_details":{"width":681,"height":1024,"file":"2016\/04\/dr-schekk-anna.jpg","sizes":{"thumbnail":{"file":"dr-schekk-anna-150x150.jpg","width":150,"height":150,"mime_type":"image\/jpeg","source_url":"https:\/\/artoral.hu\/wp-content\/uploads\/2016\/04\/dr-schekk-anna-150x150.jpg"},"medium":{"file":"dr-schekk-anna-200x300.jpg","width":200,"height":300,"mime_type":"image\/jpeg","source_url":"https:\/\/artoral.hu\/wp-content\/uploads\/2016\/04\/dr-schekk-anna-200x300.jpg"},"large":{"file":"dr-schekk-anna-681x1024.jpg","width":681,"height":1024,"mime_type":"image\/jpeg","source_url":"https:\/\/artoral.hu\/wp-content\/uploads\/2016\/04\/dr-schekk-anna-681x1024.jpg"},"full":{"file":"dr-schekk-anna.jpg","width":681,"height":1024,"mime_type":"image\/jpeg","source_url":"https:\/\/artoral.hu\/wp-content\/uploads\/2016\/04\/dr-schekk-anna.jpg"}},"image_meta":{"aperture":"0","credit":"","camera":"","caption":"","created_timestamp":"0","copyright":"","focal_length":"0","iso":"0","shutter_speed":"0","title":"","orientation":"0","keywords":[]}},"post":195,"source_url":"https:\/\/artoral.hu\/wp-content\/uploads\/2016\/04\/dr-schekk-anna.jpg","_links":{"self":[{"href":"https:\/\/artoral.hu\/en\/wp-json\/wp\/v2\/media\/190","targetHints":{"allow":["GET"]}}],"collection":[{"href":"https:\/\/artoral.hu\/en\/wp-json\/wp\/v2\/media"}],"about":[{"href":"https:\/\/artoral.hu\/en\/wp-json\/wp\/v2\/types\/attachment"}],"author":[{"embeddable":true,"href":"https:\/\/artoral.hu\/en\/wp-json\/wp\/v2\/users\/1"}],"replies":[{"embeddable":true,"href":"https:\/\/artoral.hu\/en\/wp-json\/wp\/v2\/comments?post=190"}]}}

<title>dr-schekk-anna - ARTORAL Fogászati Központ Budapest - Esztétikai fogászat, fogszabályozás, fogfehérítés, szájsebészet</title>
<meta name="robots" content="index, follow, max-snippet:-1, max-image-preview:large, max-video-preview:-1" />
<link rel="canonical" href="https://artoral.hu/wp-content/uploads/2016/04/dr-schekk-anna.jpg" />
<script type="application/ld+json" class="yoast-schema-graph">{"@context":"https://schema.org","@graph":[{"@type":"WebPage","@id":"https://artoral.hu/wp-content/uploads/2016/04/dr-schekk-anna.jpg","url":"https://artoral.hu/wp-content/uploads/2016/04/dr-schekk-anna.jpg","name":"dr-schekk-anna - ARTORAL Fogászati Központ Budapest - Esztétikai fogászat, fogszabályozás, fogfehérítés, szájsebészet","isPartOf":{"@id":"https://artoral.hu/#website"},"datePublished":"2016-04-07T13:13:39+00:00","dateModified":"2016-05-12T12:09:46+00:00","breadcrumb":{"@id":"https://artoral.hu/wp-content/uploads/2016/04/dr-schekk-anna.jpg#breadcrumb"},"inLanguage":"en-US","potentialAction":[{"@type":"ReadAction","target":["https://artoral.hu/wp-content/uploads/2016/04/dr-schekk-anna.jpg"]}]},{"@type":"BreadcrumbList","@id":"https://artoral.hu/wp-content/uploads/2016/04/dr-schekk-anna.jpg#breadcrumb","itemListElement":[{"@type":"ListItem","position":1,"name":"Our Dentists","item":"https://artoral.hu/dolgozoink/"},{"@type":"ListItem","position":2,"name":"dr-schekk-anna"}]},{"@type":"WebSite","@id":"https://artoral.hu/#website","url":"https://artoral.hu/","name":"ARTORAL Fogászati Központ Budapest - Esztétikai fogászat, fogszabályozás, fogfehérítés, szájsebészet","description":"","potentialAction":[{"@type":"SearchAction","target":{"@type":"EntryPoint","urlTemplate":"https://artoral.hu/?s={search_term_string}"},"query-input":{"@type":"PropertyValueSpecification","valueRequired":true,"valueName":"search_term_string"}}],"inLanguage":"en-US"}]}</script>

dr-schekk-anna - ARTORAL Fogászati Központ Budapest - Esztétikai fogászat, fogszabályozás, fogfehérítés, szájsebészet

ARTORAL Fogászati Központ Budapest - Esztétikai fogászat, fogszabályozás, fogfehérítés, szájsebészet
